{"id":5,"date":"2019-11-22T21:25:26","date_gmt":"2019-11-22T21:25:26","guid":{"rendered":"http:\/\/blumenhof-wilkens.de\/willkommen-auf-http-blumenhof-wilkens-de"},"modified":"2024-04-27T20:31:14","modified_gmt":"2024-04-27T20:31:14","slug":"willkommen-auf-http-blumenhof-wilkens-de","status":"publish","type":"page","link":"https:\/\/blumenhof-wilkens.de\/","title":{"rendered":"Home"},"content":{"rendered":"\n<p>Hallo liebe Kunden!<\/p>\n\n\n\n<p>wir freuen uns Sie auf unserer Homepage begr\u00fc\u00dfen zu d\u00fcrfen.<\/p>\n\n\n\n<figure class=\"wp-block-image size-large is-resized\"><a href=\"https:\/\/www.wir-bei-wilkens.de\/florist\" target=\"_blank\" rel=\"noreferrer noopener\"><img fetchpriority=\"high\" decoding=\"async\" width=\"1024\" height=\"1024\" src=\"https:\/\/blumenhof-wilkens.de\/wp-content\/uploads\/2024\/04\/Feed_04-1024x1024.png\" alt=\"\" class=\"wp-image-571\" style=\"width:600px\" srcset=\"https:\/\/blumenhof-wilkens.de\/wp-content\/uploads\/2024\/04\/Feed_04-1024x1024.png 1024w, https:\/\/blumenhof-wilkens.de\/wp-content\/uploads\/2024\/04\/Feed_04-300x300.png 300w, https:\/\/blumenhof-wilkens.de\/wp-content\/uploads\/2024\/04\/Feed_04-150x150.png 150w, https:\/\/blumenhof-wilkens.de\/wp-content\/uploads\/2024\/04\/Feed_04-768x768.png 768w, https:\/\/blumenhof-wilkens.de\/wp-content\/uploads\/2024\/04\/Feed_04.png 1080w\" sizes=\"(max-width: 1024px) 100vw, 1024px\" \/><\/a><\/figure>\n\n\n\n<p>Unsere \u00d6ffnungszeiten <\/p>\n\n\n\n<p><strong>Mo. bis Fr.: 08.00 Uhr &#8211; 18.00 Uhr<br>Sa.: 08.00 Uhr &#8211; 13.00 Uhr<br>So.: 10.00 Uhr &#8211; 12.00 Uhr<\/strong><\/p>\n\n\n\n<div class=\"wp-block-columns is-layout-flex wp-container-core-columns-is-layout-9d6595d7 wp-block-columns-is-layout-flex\">\n<div class=\"wp-block-column is-layout-flow wp-block-column-is-layout-flow\" style=\"flex-basis:100%\">\n<figure class=\"wp-block-gallery has-nested-images columns-2 is-cropped wp-block-gallery-2 is-layout-flex wp-block-gallery-is-layout-flex\">\n<figure class=\"wp-block-image size-large\"><img decoding=\"async\" width=\"1024\" height=\"683\" data-id=\"539\" src=\"https:\/\/blumenhof-wilkens.de\/wp-content\/uploads\/2022\/06\/Blumenhof-Wilkens-2022-06-10-1-2-1024x683.jpg\" alt=\"\" class=\"wp-image-539\" srcset=\"https:\/\/blumenhof-wilkens.de\/wp-content\/uploads\/2022\/06\/Blumenhof-Wilkens-2022-06-10-1-2-1024x683.jpg 1024w, https:\/\/blumenhof-wilkens.de\/wp-content\/uploads\/2022\/06\/Blumenhof-Wilkens-2022-06-10-1-2-300x200.jpg 300w, https:\/\/blumenhof-wilkens.de\/wp-content\/uploads\/2022\/06\/Blumenhof-Wilkens-2022-06-10-1-2-768x512.jpg 768w, https:\/\/blumenhof-wilkens.de\/wp-content\/uploads\/2022\/06\/Blumenhof-Wilkens-2022-06-10-1-2-1536x1024.jpg 1536w, https:\/\/blumenhof-wilkens.de\/wp-content\/uploads\/2022\/06\/Blumenhof-Wilkens-2022-06-10-1-2.jpg 1920w\" sizes=\"(max-width: 1024px) 100vw, 1024px\" \/><\/figure>\n\n\n\n<figure class=\"wp-block-image size-large\"><img decoding=\"async\" width=\"1280\" height=\"1312\" data-id=\"564\" src=\"https:\/\/blumenhof-wilkens.de\/wp-content\/uploads\/2022\/06\/Blumenhof-Wilkens-2022-06-10-20-2.jpg\" alt=\"\" class=\"wp-image-564\" srcset=\"https:\/\/blumenhof-wilkens.de\/wp-content\/uploads\/2022\/06\/Blumenhof-Wilkens-2022-06-10-20-2.jpg 1280w, https:\/\/blumenhof-wilkens.de\/wp-content\/uploads\/2022\/06\/Blumenhof-Wilkens-2022-06-10-20-2-293x300.jpg 293w, https:\/\/blumenhof-wilkens.de\/wp-content\/uploads\/2022\/06\/Blumenhof-Wilkens-2022-06-10-20-2-999x1024.jpg 999w, https:\/\/blumenhof-wilkens.de\/wp-content\/uploads\/2022\/06\/Blumenhof-Wilkens-2022-06-10-20-2-768x787.jpg 768w\" sizes=\"(max-width: 1280px) 100vw, 1280px\" \/><\/figure>\n\n\n\n<figure class=\"wp-block-image size-large\"><img loading=\"lazy\" decoding=\"async\" width=\"1920\" height=\"1280\" data-id=\"563\" src=\"https:\/\/blumenhof-wilkens.de\/wp-content\/uploads\/2022\/06\/Blumenhof-Wilkens-2022-06-10-19-2.jpg\" alt=\"\" class=\"wp-image-563\" srcset=\"https:\/\/blumenhof-wilkens.de\/wp-content\/uploads\/2022\/06\/Blumenhof-Wilkens-2022-06-10-19-2.jpg 1920w, https:\/\/blumenhof-wilkens.de\/wp-content\/uploads\/2022\/06\/Blumenhof-Wilkens-2022-06-10-19-2-300x200.jpg 300w, https:\/\/blumenhof-wilkens.de\/wp-content\/uploads\/2022\/06\/Blumenhof-Wilkens-2022-06-10-19-2-1024x683.jpg 1024w, https:\/\/blumenhof-wilkens.de\/wp-content\/uploads\/2022\/06\/Blumenhof-Wilkens-2022-06-10-19-2-768x512.jpg 768w, https:\/\/blumenhof-wilkens.de\/wp-content\/uploads\/2022\/06\/Blumenhof-Wilkens-2022-06-10-19-2-1536x1024.jpg 1536w\" sizes=\"(max-width: 1920px) 100vw, 1920px\" \/><\/figure>\n\n\n\n<figure class=\"wp-block-image size-large\"><img loading=\"lazy\" decoding=\"async\" width=\"1920\" height=\"1280\" data-id=\"562\" src=\"https:\/\/blumenhof-wilkens.de\/wp-content\/uploads\/2022\/06\/Blumenhof-Wilkens-2022-06-10-18-2.jpg\" alt=\"\" class=\"wp-image-562\" srcset=\"https:\/\/blumenhof-wilkens.de\/wp-content\/uploads\/2022\/06\/Blumenhof-Wilkens-2022-06-10-18-2.jpg 1920w, https:\/\/blumenhof-wilkens.de\/wp-content\/uploads\/2022\/06\/Blumenhof-Wilkens-2022-06-10-18-2-300x200.jpg 300w, https:\/\/blumenhof-wilkens.de\/wp-content\/uploads\/2022\/06\/Blumenhof-Wilkens-2022-06-10-18-2-1024x683.jpg 1024w, https:\/\/blumenhof-wilkens.de\/wp-content\/uploads\/2022\/06\/Blumenhof-Wilkens-2022-06-10-18-2-768x512.jpg 768w, https:\/\/blumenhof-wilkens.de\/wp-content\/uploads\/2022\/06\/Blumenhof-Wilkens-2022-06-10-18-2-1536x1024.jpg 1536w\" sizes=\"(max-width: 1920px) 100vw, 1920px\" \/><\/figure>\n\n\n\n<figure class=\"wp-block-image size-large\"><img loading=\"lazy\" decoding=\"async\" width=\"1280\" height=\"1920\" data-id=\"561\" src=\"https:\/\/blumenhof-wilkens.de\/wp-content\/uploads\/2022\/06\/Blumenhof-Wilkens-2022-06-10-17-2.jpg\" alt=\"\" class=\"wp-image-561\" srcset=\"https:\/\/blumenhof-wilkens.de\/wp-content\/uploads\/2022\/06\/Blumenhof-Wilkens-2022-06-10-17-2.jpg 1280w, https:\/\/blumenhof-wilkens.de\/wp-content\/uploads\/2022\/06\/Blumenhof-Wilkens-2022-06-10-17-2-200x300.jpg 200w, https:\/\/blumenhof-wilkens.de\/wp-content\/uploads\/2022\/06\/Blumenhof-Wilkens-2022-06-10-17-2-683x1024.jpg 683w, https:\/\/blumenhof-wilkens.de\/wp-content\/uploads\/2022\/06\/Blumenhof-Wilkens-2022-06-10-17-2-768x1152.jpg 768w, https:\/\/blumenhof-wilkens.de\/wp-content\/uploads\/2022\/06\/Blumenhof-Wilkens-2022-06-10-17-2-1024x1536.jpg 1024w\" sizes=\"(max-width: 1280px) 100vw, 1280px\" \/><\/figure>\n\n\n\n<figure class=\"wp-block-image size-large\"><img loading=\"lazy\" decoding=\"async\" width=\"1920\" height=\"1280\" data-id=\"560\" src=\"https:\/\/blumenhof-wilkens.de\/wp-content\/uploads\/2022\/06\/Blumenhof-Wilkens-2022-06-10-16-2.jpg\" alt=\"\" class=\"wp-image-560\" srcset=\"https:\/\/blumenhof-wilkens.de\/wp-content\/uploads\/2022\/06\/Blumenhof-Wilkens-2022-06-10-16-2.jpg 1920w, https:\/\/blumenhof-wilkens.de\/wp-content\/uploads\/2022\/06\/Blumenhof-Wilkens-2022-06-10-16-2-300x200.jpg 300w, https:\/\/blumenhof-wilkens.de\/wp-content\/uploads\/2022\/06\/Blumenhof-Wilkens-2022-06-10-16-2-1024x683.jpg 1024w, https:\/\/blumenhof-wilkens.de\/wp-content\/uploads\/2022\/06\/Blumenhof-Wilkens-2022-06-10-16-2-768x512.jpg 768w, https:\/\/blumenhof-wilkens.de\/wp-content\/uploads\/2022\/06\/Blumenhof-Wilkens-2022-06-10-16-2-1536x1024.jpg 1536w\" sizes=\"(max-width: 1920px) 100vw, 1920px\" \/><\/figure>\n\n\n\n<figure class=\"wp-block-image size-large\"><img loading=\"lazy\" decoding=\"async\" width=\"1920\" height=\"1280\" data-id=\"559\" src=\"https:\/\/blumenhof-wilkens.de\/wp-content\/uploads\/2022\/06\/Blumenhof-Wilkens-2022-06-10-15-2.jpg\" alt=\"\" class=\"wp-image-559\" srcset=\"https:\/\/blumenhof-wilkens.de\/wp-content\/uploads\/2022\/06\/Blumenhof-Wilkens-2022-06-10-15-2.jpg 1920w, https:\/\/blumenhof-wilkens.de\/wp-content\/uploads\/2022\/06\/Blumenhof-Wilkens-2022-06-10-15-2-300x200.jpg 300w, https:\/\/blumenhof-wilkens.de\/wp-content\/uploads\/2022\/06\/Blumenhof-Wilkens-2022-06-10-15-2-1024x683.jpg 1024w, https:\/\/blumenhof-wilkens.de\/wp-content\/uploads\/2022\/06\/Blumenhof-Wilkens-2022-06-10-15-2-768x512.jpg 768w, https:\/\/blumenhof-wilkens.de\/wp-content\/uploads\/2022\/06\/Blumenhof-Wilkens-2022-06-10-15-2-1536x1024.jpg 1536w\" sizes=\"(max-width: 1920px) 100vw, 1920px\" \/><\/figure>\n\n\n\n<figure class=\"wp-block-image size-large\"><img loading=\"lazy\" decoding=\"async\" width=\"1920\" height=\"1280\" data-id=\"558\" src=\"https:\/\/blumenhof-wilkens.de\/wp-content\/uploads\/2022\/06\/Blumenhof-Wilkens-2022-06-10-14-2.jpg\" alt=\"\" class=\"wp-image-558\" srcset=\"https:\/\/blumenhof-wilkens.de\/wp-content\/uploads\/2022\/06\/Blumenhof-Wilkens-2022-06-10-14-2.jpg 1920w, https:\/\/blumenhof-wilkens.de\/wp-content\/uploads\/2022\/06\/Blumenhof-Wilkens-2022-06-10-14-2-300x200.jpg 300w, https:\/\/blumenhof-wilkens.de\/wp-content\/uploads\/2022\/06\/Blumenhof-Wilkens-2022-06-10-14-2-1024x683.jpg 1024w, https:\/\/blumenhof-wilkens.de\/wp-content\/uploads\/2022\/06\/Blumenhof-Wilkens-2022-06-10-14-2-768x512.jpg 768w, https:\/\/blumenhof-wilkens.de\/wp-content\/uploads\/2022\/06\/Blumenhof-Wilkens-2022-06-10-14-2-1536x1024.jpg 1536w\" sizes=\"(max-width: 1920px) 100vw, 1920px\" \/><\/figure>\n\n\n\n<figure class=\"wp-block-image size-large\"><img loading=\"lazy\" decoding=\"async\" width=\"1920\" height=\"1280\" data-id=\"557\" src=\"https:\/\/blumenhof-wilkens.de\/wp-content\/uploads\/2022\/06\/Blumenhof-Wilkens-2022-06-10-13-2.jpg\" alt=\"\" class=\"wp-image-557\" srcset=\"https:\/\/blumenhof-wilkens.de\/wp-content\/uploads\/2022\/06\/Blumenhof-Wilkens-2022-06-10-13-2.jpg 1920w, https:\/\/blumenhof-wilkens.de\/wp-content\/uploads\/2022\/06\/Blumenhof-Wilkens-2022-06-10-13-2-300x200.jpg 300w, https:\/\/blumenhof-wilkens.de\/wp-content\/uploads\/2022\/06\/Blumenhof-Wilkens-2022-06-10-13-2-1024x683.jpg 1024w, https:\/\/blumenhof-wilkens.de\/wp-content\/uploads\/2022\/06\/Blumenhof-Wilkens-2022-06-10-13-2-768x512.jpg 768w, https:\/\/blumenhof-wilkens.de\/wp-content\/uploads\/2022\/06\/Blumenhof-Wilkens-2022-06-10-13-2-1536x1024.jpg 1536w\" sizes=\"(max-width: 1920px) 100vw, 1920px\" \/><\/figure>\n\n\n\n<figure class=\"wp-block-image size-large\"><img loading=\"lazy\" decoding=\"async\" width=\"1920\" height=\"1280\" data-id=\"556\" src=\"https:\/\/blumenhof-wilkens.de\/wp-content\/uploads\/2022\/06\/Blumenhof-Wilkens-2022-06-10-12-2.jpg\" alt=\"\" class=\"wp-image-556\" srcset=\"https:\/\/blumenhof-wilkens.de\/wp-content\/uploads\/2022\/06\/Blumenhof-Wilkens-2022-06-10-12-2.jpg 1920w, https:\/\/blumenhof-wilkens.de\/wp-content\/uploads\/2022\/06\/Blumenhof-Wilkens-2022-06-10-12-2-300x200.jpg 300w, https:\/\/blumenhof-wilkens.de\/wp-content\/uploads\/2022\/06\/Blumenhof-Wilkens-2022-06-10-12-2-1024x683.jpg 1024w, https:\/\/blumenhof-wilkens.de\/wp-content\/uploads\/2022\/06\/Blumenhof-Wilkens-2022-06-10-12-2-768x512.jpg 768w, https:\/\/blumenhof-wilkens.de\/wp-content\/uploads\/2022\/06\/Blumenhof-Wilkens-2022-06-10-12-2-1536x1024.jpg 1536w\" sizes=\"(max-width: 1920px) 100vw, 1920px\" \/><\/figure>\n\n\n\n<figure class=\"wp-block-image size-large\"><img loading=\"lazy\" decoding=\"async\" width=\"1280\" height=\"1920\" data-id=\"555\" src=\"https:\/\/blumenhof-wilkens.de\/wp-content\/uploads\/2022\/06\/Blumenhof-Wilkens-2022-06-10-11-2.jpg\" alt=\"\" class=\"wp-image-555\" srcset=\"https:\/\/blumenhof-wilkens.de\/wp-content\/uploads\/2022\/06\/Blumenhof-Wilkens-2022-06-10-11-2.jpg 1280w, https:\/\/blumenhof-wilkens.de\/wp-content\/uploads\/2022\/06\/Blumenhof-Wilkens-2022-06-10-11-2-200x300.jpg 200w, https:\/\/blumenhof-wilkens.de\/wp-content\/uploads\/2022\/06\/Blumenhof-Wilkens-2022-06-10-11-2-683x1024.jpg 683w, https:\/\/blumenhof-wilkens.de\/wp-content\/uploads\/2022\/06\/Blumenhof-Wilkens-2022-06-10-11-2-768x1152.jpg 768w, https:\/\/blumenhof-wilkens.de\/wp-content\/uploads\/2022\/06\/Blumenhof-Wilkens-2022-06-10-11-2-1024x1536.jpg 1024w\" sizes=\"(max-width: 1280px) 100vw, 1280px\" \/><\/figure>\n\n\n\n<figure class=\"wp-block-image size-large\"><img loading=\"lazy\" decoding=\"async\" width=\"1920\" height=\"1280\" data-id=\"554\" src=\"https:\/\/blumenhof-wilkens.de\/wp-content\/uploads\/2022\/06\/Blumenhof-Wilkens-2022-06-10-10-2.jpg\" alt=\"\" class=\"wp-image-554\" srcset=\"https:\/\/blumenhof-wilkens.de\/wp-content\/uploads\/2022\/06\/Blumenhof-Wilkens-2022-06-10-10-2.jpg 1920w, https:\/\/blumenhof-wilkens.de\/wp-content\/uploads\/2022\/06\/Blumenhof-Wilkens-2022-06-10-10-2-300x200.jpg 300w, https:\/\/blumenhof-wilkens.de\/wp-content\/uploads\/2022\/06\/Blumenhof-Wilkens-2022-06-10-10-2-1024x683.jpg 1024w, https:\/\/blumenhof-wilkens.de\/wp-content\/uploads\/2022\/06\/Blumenhof-Wilkens-2022-06-10-10-2-768x512.jpg 768w, https:\/\/blumenhof-wilkens.de\/wp-content\/uploads\/2022\/06\/Blumenhof-Wilkens-2022-06-10-10-2-1536x1024.jpg 1536w\" sizes=\"(max-width: 1920px) 100vw, 1920px\" \/><\/figure>\n\n\n\n<figure class=\"wp-block-image size-large\"><img loading=\"lazy\" decoding=\"async\" width=\"1920\" height=\"1280\" data-id=\"553\" src=\"https:\/\/blumenhof-wilkens.de\/wp-content\/uploads\/2022\/06\/Blumenhof-Wilkens-2022-06-10-9-2.jpg\" alt=\"\" class=\"wp-image-553\" srcset=\"https:\/\/blumenhof-wilkens.de\/wp-content\/uploads\/2022\/06\/Blumenhof-Wilkens-2022-06-10-9-2.jpg 1920w, https:\/\/blumenhof-wilkens.de\/wp-content\/uploads\/2022\/06\/Blumenhof-Wilkens-2022-06-10-9-2-300x200.jpg 300w, https:\/\/blumenhof-wilkens.de\/wp-content\/uploads\/2022\/06\/Blumenhof-Wilkens-2022-06-10-9-2-1024x683.jpg 1024w, https:\/\/blumenhof-wilkens.de\/wp-content\/uploads\/2022\/06\/Blumenhof-Wilkens-2022-06-10-9-2-768x512.jpg 768w, https:\/\/blumenhof-wilkens.de\/wp-content\/uploads\/2022\/06\/Blumenhof-Wilkens-2022-06-10-9-2-1536x1024.jpg 1536w\" sizes=\"(max-width: 1920px) 100vw, 1920px\" \/><\/figure>\n\n\n\n<figure class=\"wp-block-image size-large\"><img loading=\"lazy\" decoding=\"async\" width=\"1280\" height=\"1920\" data-id=\"552\" src=\"https:\/\/blumenhof-wilkens.de\/wp-content\/uploads\/2022\/06\/Blumenhof-Wilkens-2022-06-10-8-2.jpg\" alt=\"\" class=\"wp-image-552\" srcset=\"https:\/\/blumenhof-wilkens.de\/wp-content\/uploads\/2022\/06\/Blumenhof-Wilkens-2022-06-10-8-2.jpg 1280w, https:\/\/blumenhof-wilkens.de\/wp-content\/uploads\/2022\/06\/Blumenhof-Wilkens-2022-06-10-8-2-200x300.jpg 200w, https:\/\/blumenhof-wilkens.de\/wp-content\/uploads\/2022\/06\/Blumenhof-Wilkens-2022-06-10-8-2-683x1024.jpg 683w, https:\/\/blumenhof-wilkens.de\/wp-content\/uploads\/2022\/06\/Blumenhof-Wilkens-2022-06-10-8-2-768x1152.jpg 768w, https:\/\/blumenhof-wilkens.de\/wp-content\/uploads\/2022\/06\/Blumenhof-Wilkens-2022-06-10-8-2-1024x1536.jpg 1024w\" sizes=\"(max-width: 1280px) 100vw, 1280px\" \/><\/figure>\n\n\n\n<figure class=\"wp-block-image size-large\"><img loading=\"lazy\" decoding=\"async\" width=\"1920\" height=\"1280\" data-id=\"551\" src=\"https:\/\/blumenhof-wilkens.de\/wp-content\/uploads\/2022\/06\/Blumenhof-Wilkens-2022-06-10-7-2.jpg\" alt=\"\" class=\"wp-image-551\" srcset=\"https:\/\/blumenhof-wilkens.de\/wp-content\/uploads\/2022\/06\/Blumenhof-Wilkens-2022-06-10-7-2.jpg 1920w, https:\/\/blumenhof-wilkens.de\/wp-content\/uploads\/2022\/06\/Blumenhof-Wilkens-2022-06-10-7-2-300x200.jpg 300w, https:\/\/blumenhof-wilkens.de\/wp-content\/uploads\/2022\/06\/Blumenhof-Wilkens-2022-06-10-7-2-1024x683.jpg 1024w, https:\/\/blumenhof-wilkens.de\/wp-content\/uploads\/2022\/06\/Blumenhof-Wilkens-2022-06-10-7-2-768x512.jpg 768w, https:\/\/blumenhof-wilkens.de\/wp-content\/uploads\/2022\/06\/Blumenhof-Wilkens-2022-06-10-7-2-1536x1024.jpg 1536w\" sizes=\"(max-width: 1920px) 100vw, 1920px\" \/><\/figure>\n\n\n\n<figure class=\"wp-block-image size-large\"><img loading=\"lazy\" decoding=\"async\" width=\"1920\" height=\"1280\" data-id=\"550\" src=\"https:\/\/blumenhof-wilkens.de\/wp-content\/uploads\/2022\/06\/Blumenhof-Wilkens-2022-06-10-6-2.jpg\" alt=\"\" class=\"wp-image-550\" srcset=\"https:\/\/blumenhof-wilkens.de\/wp-content\/uploads\/2022\/06\/Blumenhof-Wilkens-2022-06-10-6-2.jpg 1920w, https:\/\/blumenhof-wilkens.de\/wp-content\/uploads\/2022\/06\/Blumenhof-Wilkens-2022-06-10-6-2-300x200.jpg 300w, https:\/\/blumenhof-wilkens.de\/wp-content\/uploads\/2022\/06\/Blumenhof-Wilkens-2022-06-10-6-2-1024x683.jpg 1024w, https:\/\/blumenhof-wilkens.de\/wp-content\/uploads\/2022\/06\/Blumenhof-Wilkens-2022-06-10-6-2-768x512.jpg 768w, https:\/\/blumenhof-wilkens.de\/wp-content\/uploads\/2022\/06\/Blumenhof-Wilkens-2022-06-10-6-2-1536x1024.jpg 1536w\" sizes=\"(max-width: 1920px) 100vw, 1920px\" \/><\/figure>\n\n\n\n<figure class=\"wp-block-image size-large\"><img loading=\"lazy\" decoding=\"async\" width=\"1920\" height=\"1280\" data-id=\"549\" src=\"https:\/\/blumenhof-wilkens.de\/wp-content\/uploads\/2022\/06\/Blumenhof-Wilkens-2022-06-10-5-2.jpg\" alt=\"\" class=\"wp-image-549\" srcset=\"https:\/\/blumenhof-wilkens.de\/wp-content\/uploads\/2022\/06\/Blumenhof-Wilkens-2022-06-10-5-2.jpg 1920w, https:\/\/blumenhof-wilkens.de\/wp-content\/uploads\/2022\/06\/Blumenhof-Wilkens-2022-06-10-5-2-300x200.jpg 300w, https:\/\/blumenhof-wilkens.de\/wp-content\/uploads\/2022\/06\/Blumenhof-Wilkens-2022-06-10-5-2-1024x683.jpg 1024w, https:\/\/blumenhof-wilkens.de\/wp-content\/uploads\/2022\/06\/Blumenhof-Wilkens-2022-06-10-5-2-768x512.jpg 768w, https:\/\/blumenhof-wilkens.de\/wp-content\/uploads\/2022\/06\/Blumenhof-Wilkens-2022-06-10-5-2-1536x1024.jpg 1536w\" sizes=\"(max-width: 1920px) 100vw, 1920px\" \/><\/figure>\n\n\n\n<figure class=\"wp-block-image size-large\"><img loading=\"lazy\" decoding=\"async\" width=\"1920\" height=\"1280\" data-id=\"548\" src=\"https:\/\/blumenhof-wilkens.de\/wp-content\/uploads\/2022\/06\/Blumenhof-Wilkens-2022-06-10-4-2.jpg\" alt=\"\" class=\"wp-image-548\" srcset=\"https:\/\/blumenhof-wilkens.de\/wp-content\/uploads\/2022\/06\/Blumenhof-Wilkens-2022-06-10-4-2.jpg 1920w, https:\/\/blumenhof-wilkens.de\/wp-content\/uploads\/2022\/06\/Blumenhof-Wilkens-2022-06-10-4-2-300x200.jpg 300w, https:\/\/blumenhof-wilkens.de\/wp-content\/uploads\/2022\/06\/Blumenhof-Wilkens-2022-06-10-4-2-1024x683.jpg 1024w, https:\/\/blumenhof-wilkens.de\/wp-content\/uploads\/2022\/06\/Blumenhof-Wilkens-2022-06-10-4-2-768x512.jpg 768w, https:\/\/blumenhof-wilkens.de\/wp-content\/uploads\/2022\/06\/Blumenhof-Wilkens-2022-06-10-4-2-1536x1024.jpg 1536w\" sizes=\"(max-width: 1920px) 100vw, 1920px\" \/><\/figure>\n<\/figure>\n<\/div>\n<\/div>\n\n\n\n<p><\/p>\n\n\n\n<p>Wir freuen uns auf euch . F\u00fcr Vorbestellungen sind wir tags\u00fcber unter folgenden Telefonnummern zu erreichen: <\/p>\n\n\n\n<p><strong>Tel.-Nr.: 0 44 44 \/ 96 78 67 oder 0 173 \/ 630 94 73 <\/strong><\/p>\n\n\n\n<p>Das Team vom Blumenhof Wilkens<\/p>\n\n\n","protected":false},"excerpt":{"rendered":"<p>Hallo liebe Kunden! wir freuen uns Sie auf unserer Homepage begr\u00fc\u00dfen zu d\u00fcrfen. Unsere \u00d6ffnungszeiten Mo. bis Fr.: 08.00 Uhr &#8211; 18.00 UhrSa.: 08.00 Uhr &#8211; 13.00 UhrSo.: 10.00 Uhr &hellip;<\/p>\n","protected":false},"author":1,"featured_media":0,"parent":0,"menu_order":0,"comment_status":"closed","ping_status":"open","template":"","meta":{"footnotes":""},"class_list":["post-5","page","type-page","status-publish","hentry"],"yoast_head":"<!-- This site is optimized with the Yoast SEO plugin v27.4 - https:\/\/yoast.com\/product\/yoast-seo-wordpress\/ -->\n<title>Home - Blumenhof Wilkens<\/title>\n<meta name=\"robots\" content=\"index, follow, max-snippet:-1, max-image-preview:large, max-video-preview:-1\" \/>\n<link rel=\"canonical\" href=\"https:\/\/blumenhof-wilkens.de\/\" \/>\n<meta property=\"og:locale\" content=\"de_DE\" \/>\n<meta property=\"og:type\" content=\"article\" \/>\n<meta property=\"og:title\" content=\"Home - Blumenhof Wilkens\" \/>\n<meta property=\"og:description\" content=\"Hallo liebe Kunden! wir freuen uns Sie auf unserer Homepage begr\u00fc\u00dfen zu d\u00fcrfen. Unsere \u00d6ffnungszeiten Mo. bis Fr.: 08.00 Uhr &#8211; 18.00 UhrSa.: 08.00 Uhr &#8211; 13.00 UhrSo.: 10.00 Uhr &hellip;\" \/>\n<meta property=\"og:url\" content=\"https:\/\/blumenhof-wilkens.de\/\" \/>\n<meta property=\"og:site_name\" content=\"Blumenhof Wilkens\" \/>\n<meta property=\"article:modified_time\" content=\"2024-04-27T20:31:14+00:00\" \/>\n<meta property=\"og:image\" content=\"https:\/\/blumenhof-wilkens.de\/wp-content\/uploads\/2024\/04\/Feed_04-1024x1024.png\" \/>\n<meta name=\"twitter:card\" content=\"summary_large_image\" \/>\n<meta name=\"twitter:label1\" content=\"Gesch\u00e4tzte Lesezeit\" \/>\n\t<meta name=\"twitter:data1\" content=\"5\u00a0Minuten\" \/>\n<script type=\"application\/ld+json\" class=\"yoast-schema-graph\">{\"@context\":\"https:\\\/\\\/schema.org\",\"@graph\":[{\"@type\":\"WebPage\",\"@id\":\"https:\\\/\\\/blumenhof-wilkens.de\\\/\",\"url\":\"https:\\\/\\\/blumenhof-wilkens.de\\\/\",\"name\":\"Home - Blumenhof Wilkens\",\"isPartOf\":{\"@id\":\"https:\\\/\\\/blumenhof-wilkens.de\\\/#website\"},\"primaryImageOfPage\":{\"@id\":\"https:\\\/\\\/blumenhof-wilkens.de\\\/#primaryimage\"},\"image\":{\"@id\":\"https:\\\/\\\/blumenhof-wilkens.de\\\/#primaryimage\"},\"thumbnailUrl\":\"https:\\\/\\\/blumenhof-wilkens.de\\\/wp-content\\\/uploads\\\/2024\\\/04\\\/Feed_04-1024x1024.png\",\"datePublished\":\"2019-11-22T21:25:26+00:00\",\"dateModified\":\"2024-04-27T20:31:14+00:00\",\"breadcrumb\":{\"@id\":\"https:\\\/\\\/blumenhof-wilkens.de\\\/#breadcrumb\"},\"inLanguage\":\"de\",\"potentialAction\":[{\"@type\":\"ReadAction\",\"target\":[\"https:\\\/\\\/blumenhof-wilkens.de\\\/\"]}]},{\"@type\":\"ImageObject\",\"inLanguage\":\"de\",\"@id\":\"https:\\\/\\\/blumenhof-wilkens.de\\\/#primaryimage\",\"url\":\"https:\\\/\\\/blumenhof-wilkens.de\\\/wp-content\\\/uploads\\\/2024\\\/04\\\/Feed_04.png\",\"contentUrl\":\"https:\\\/\\\/blumenhof-wilkens.de\\\/wp-content\\\/uploads\\\/2024\\\/04\\\/Feed_04.png\",\"width\":1080,\"height\":1080},{\"@type\":\"BreadcrumbList\",\"@id\":\"https:\\\/\\\/blumenhof-wilkens.de\\\/#breadcrumb\",\"itemListElement\":[{\"@type\":\"ListItem\",\"position\":1,\"name\":\"Startseite\",\"item\":\"https:\\\/\\\/blumenhof-wilkens.de\\\/\"},{\"@type\":\"ListItem\",\"position\":2,\"name\":\"Home\"}]},{\"@type\":\"WebSite\",\"@id\":\"https:\\\/\\\/blumenhof-wilkens.de\\\/#website\",\"url\":\"https:\\\/\\\/blumenhof-wilkens.de\\\/\",\"name\":\"Blumenhof Wilkens\",\"description\":\"Schnittblumen, Pflanzen f\u00fcr Haus und Garten aus Goldenstedt\",\"publisher\":{\"@id\":\"https:\\\/\\\/blumenhof-wilkens.de\\\/#organization\"},\"potentialAction\":[{\"@type\":\"SearchAction\",\"target\":{\"@type\":\"EntryPoint\",\"urlTemplate\":\"https:\\\/\\\/blumenhof-wilkens.de\\\/?s={search_term_string}\"},\"query-input\":{\"@type\":\"PropertyValueSpecification\",\"valueRequired\":true,\"valueName\":\"search_term_string\"}}],\"inLanguage\":\"de\"},{\"@type\":\"Organization\",\"@id\":\"https:\\\/\\\/blumenhof-wilkens.de\\\/#organization\",\"name\":\"Blumenhof Wilkens\",\"url\":\"https:\\\/\\\/blumenhof-wilkens.de\\\/\",\"logo\":{\"@type\":\"ImageObject\",\"inLanguage\":\"de\",\"@id\":\"https:\\\/\\\/blumenhof-wilkens.de\\\/#\\\/schema\\\/logo\\\/image\\\/\",\"url\":\"https:\\\/\\\/blumenhof-wilkens.de\\\/wp-content\\\/uploads\\\/2020\\\/03\\\/Logo2.png\",\"contentUrl\":\"https:\\\/\\\/blumenhof-wilkens.de\\\/wp-content\\\/uploads\\\/2020\\\/03\\\/Logo2.png\",\"width\":443,\"height\":231,\"caption\":\"Blumenhof Wilkens\"},\"image\":{\"@id\":\"https:\\\/\\\/blumenhof-wilkens.de\\\/#\\\/schema\\\/logo\\\/image\\\/\"}}]}<\/script>\n<!-- \/ Yoast SEO plugin. -->","yoast_head_json":{"title":"Home - Blumenhof Wilkens","robots":{"index":"index","follow":"follow","max-snippet":"max-snippet:-1","max-image-preview":"max-image-preview:large","max-video-preview":"max-video-preview:-1"},"canonical":"https:\/\/blumenhof-wilkens.de\/","og_locale":"de_DE","og_type":"article","og_title":"Home - Blumenhof Wilkens","og_description":"Hallo liebe Kunden! wir freuen uns Sie auf unserer Homepage begr\u00fc\u00dfen zu d\u00fcrfen. Unsere \u00d6ffnungszeiten Mo. bis Fr.: 08.00 Uhr &#8211; 18.00 UhrSa.: 08.00 Uhr &#8211; 13.00 UhrSo.: 10.00 Uhr &hellip;","og_url":"https:\/\/blumenhof-wilkens.de\/","og_site_name":"Blumenhof Wilkens","article_modified_time":"2024-04-27T20:31:14+00:00","og_image":[{"url":"https:\/\/blumenhof-wilkens.de\/wp-content\/uploads\/2024\/04\/Feed_04-1024x1024.png","type":"","width":"","height":""}],"twitter_card":"summary_large_image","twitter_misc":{"Gesch\u00e4tzte Lesezeit":"5\u00a0Minuten"},"schema":{"@context":"https:\/\/schema.org","@graph":[{"@type":"WebPage","@id":"https:\/\/blumenhof-wilkens.de\/","url":"https:\/\/blumenhof-wilkens.de\/","name":"Home - Blumenhof Wilkens","isPartOf":{"@id":"https:\/\/blumenhof-wilkens.de\/#website"},"primaryImageOfPage":{"@id":"https:\/\/blumenhof-wilkens.de\/#primaryimage"},"image":{"@id":"https:\/\/blumenhof-wilkens.de\/#primaryimage"},"thumbnailUrl":"https:\/\/blumenhof-wilkens.de\/wp-content\/uploads\/2024\/04\/Feed_04-1024x1024.png","datePublished":"2019-11-22T21:25:26+00:00","dateModified":"2024-04-27T20:31:14+00:00","breadcrumb":{"@id":"https:\/\/blumenhof-wilkens.de\/#breadcrumb"},"inLanguage":"de","potentialAction":[{"@type":"ReadAction","target":["https:\/\/blumenhof-wilkens.de\/"]}]},{"@type":"ImageObject","inLanguage":"de","@id":"https:\/\/blumenhof-wilkens.de\/#primaryimage","url":"https:\/\/blumenhof-wilkens.de\/wp-content\/uploads\/2024\/04\/Feed_04.png","contentUrl":"https:\/\/blumenhof-wilkens.de\/wp-content\/uploads\/2024\/04\/Feed_04.png","width":1080,"height":1080},{"@type":"BreadcrumbList","@id":"https:\/\/blumenhof-wilkens.de\/#breadcrumb","itemListElement":[{"@type":"ListItem","position":1,"name":"Startseite","item":"https:\/\/blumenhof-wilkens.de\/"},{"@type":"ListItem","position":2,"name":"Home"}]},{"@type":"WebSite","@id":"https:\/\/blumenhof-wilkens.de\/#website","url":"https:\/\/blumenhof-wilkens.de\/","name":"Blumenhof Wilkens","description":"Schnittblumen, Pflanzen f\u00fcr Haus und Garten aus Goldenstedt","publisher":{"@id":"https:\/\/blumenhof-wilkens.de\/#organization"},"potentialAction":[{"@type":"SearchAction","target":{"@type":"EntryPoint","urlTemplate":"https:\/\/blumenhof-wilkens.de\/?s={search_term_string}"},"query-input":{"@type":"PropertyValueSpecification","valueRequired":true,"valueName":"search_term_string"}}],"inLanguage":"de"},{"@type":"Organization","@id":"https:\/\/blumenhof-wilkens.de\/#organization","name":"Blumenhof Wilkens","url":"https:\/\/blumenhof-wilkens.de\/","logo":{"@type":"ImageObject","inLanguage":"de","@id":"https:\/\/blumenhof-wilkens.de\/#\/schema\/logo\/image\/","url":"https:\/\/blumenhof-wilkens.de\/wp-content\/uploads\/2020\/03\/Logo2.png","contentUrl":"https:\/\/blumenhof-wilkens.de\/wp-content\/uploads\/2020\/03\/Logo2.png","width":443,"height":231,"caption":"Blumenhof Wilkens"},"image":{"@id":"https:\/\/blumenhof-wilkens.de\/#\/schema\/logo\/image\/"}}]}},"_links":{"self":[{"href":"https:\/\/blumenhof-wilkens.de\/index.php?rest_route=\/wp\/v2\/pages\/5","targetHints":{"allow":["GET"]}}],"collection":[{"href":"https:\/\/blumenhof-wilkens.de\/index.php?rest_route=\/wp\/v2\/pages"}],"about":[{"href":"https:\/\/blumenhof-wilkens.de\/index.php?rest_route=\/wp\/v2\/types\/page"}],"author":[{"embeddable":true,"href":"https:\/\/blumenhof-wilkens.de\/index.php?rest_route=\/wp\/v2\/users\/1"}],"replies":[{"embeddable":true,"href":"https:\/\/blumenhof-wilkens.de\/index.php?rest_route=%2Fwp%2Fv2%2Fcomments&post=5"}],"version-history":[{"count":38,"href":"https:\/\/blumenhof-wilkens.de\/index.php?rest_route=\/wp\/v2\/pages\/5\/revisions"}],"predecessor-version":[{"id":576,"href":"https:\/\/blumenhof-wilkens.de\/index.php?rest_route=\/wp\/v2\/pages\/5\/revisions\/576"}],"wp:attachment":[{"href":"https:\/\/blumenhof-wilkens.de\/index.php?rest_route=%2Fwp%2Fv2%2Fmedia&parent=5"}],"curies":[{"name":"wp","href":"https:\/\/api.w.org\/{rel}","templated":true}]}}