{"id":532,"date":"2022-06-17T18:36:24","date_gmt":"2022-06-17T18:36:24","guid":{"rendered":"https:\/\/blumenhof-wilkens.de\/?page_id=532"},"modified":"2022-06-17T18:36:52","modified_gmt":"2022-06-17T18:36:52","slug":"datenschutzerklaerung","status":"publish","type":"page","link":"https:\/\/blumenhof-wilkens.de\/?page_id=532","title":{"rendered":"Datenschutzerkl\u00e4rung"},"content":{"rendered":"\n<h5 class=\"wp-block-heading\">Datenschutzerkl\u00e4rung<\/h5>\n\n\n\n<p>&nbsp;Die Betreiber dieser Seiten nehmen den Schutz Ihrer pers\u00f6nlichen Daten sehr ernst. Wir behandeln Ihre personenbezogenen Daten vertraulich und entsprechend der gesetzlichen Datenschutzvorschriften sowie dieser Datenschutzerkl\u00e4rung.Die Nutzung unserer Webseite ist in der Regel ohne Angabe personenbezogener Daten m\u00f6glich. Soweit auf unseren Seiten personenbezogene Daten (beispielsweise Name, Anschrift oder E-Mail-Adressen) erhoben werden, erfolgt dies, soweit m\u00f6glich, stets auf freiwilliger Basis. Diese Daten werden ohne Ihre ausdr\u00fcckliche Zustimmung nicht an Dritte weitergegeben.Wir weisen darauf hin, dass die Daten\u00fcbertragung im Internet (z.B. bei der Kommunikation per E-Mail) Sicherheitsl\u00fccken aufweisen kann. Ein l\u00fcckenloser Schutz der Daten vor dem Zugriff durch Dritte ist nicht m\u00f6glich.&nbsp;<\/p>\n\n\n\n<h5 class=\"wp-block-heading\">Datenschutzerkl\u00e4rung f\u00fcr die Nutzung von Facebook-Plugins (Like-Button)<\/h5>\n\n\n\n<p>&nbsp;Auf unseren Seiten sind Plugins des sozialen Netzwerks Facebook, Anbieter Facebook Inc., 1 Hacker Way, Menlo Park, California 94025, USA, integriert. Die Facebook-Plugins erkennen Sie an dem Facebook-Logo oder dem &#8222;Like-Button&#8220; (&#8222;Gef\u00e4llt mir&#8220;) auf unserer Seite. Eine \u00dcbersicht \u00fcber die Facebook-Plugins finden Sie hier:&nbsp;<a href=\"http:\/\/developers.facebook.com\/docs\/plugins\/\">http:\/\/developers.facebook.com\/docs\/plugins\/<\/a>Wenn Sie unsere Seiten besuchen, wird \u00fcber das Plugin eine direkte Verbindung zwischen Ihrem Browser und dem Facebook-Server hergestellt. Facebook erh\u00e4lt dadurch die Information, dass Sie mit Ihrer IP-Adresse unsere Seite besucht haben. Wenn Sie den Facebook &#8222;Like-Button&#8220; anklicken w\u00e4hrend Sie in Ihrem Facebook-Account eingeloggt sind, k\u00f6nnen Sie die Inhalte unserer Seiten auf Ihrem Facebook-Profil verlinken. Dadurch kann Facebook den Besuch unserer Seiten Ihrem Benutzerkonto zuordnen. Wir weisen darauf hin, dass wir als Anbieter der Seiten keine Kenntnis vom Inhalt der \u00fcbermittelten Daten sowie deren Nutzung durch Facebook erhalten. Weitere Informationen hierzu finden Sie in der Datenschutzerkl\u00e4rung von Facebook unter&nbsp;<a href=\"http:\/\/de-de.facebook.com\/policy.php\">http:\/\/de-de.facebook.com\/policy.php<\/a>Wenn Sie nicht w\u00fcnschen, dass Facebook den Besuch unserer Seiten Ihrem Facebook- Nutzerkonto zuordnen kann, loggen Sie sich bitte aus Ihrem Facebook-Benutzerkonto aus.&nbsp;<\/p>\n\n\n\n<h5 class=\"wp-block-heading\">Datenschutzerkl\u00e4rung f\u00fcr die Nutzung von Flickr<\/h5>\n\n\n\n<p>&nbsp;F\u00fcr die Darstellung und Archivierung von Bildern greifen wir auf Flickr zur\u00fcck.&nbsp;Flickr ist ein Dienst von Yahoo! EMEA Limited, 5-7 Point Village, North Wall Quay, Dublin 1, Irland &#8211; Ireland.&nbsp;Die Datenschutzrichtlinien von Yahoo sind unter&nbsp;<a href=\"http:\/\/info.yahoo.com\/privacy\/de\/yahoo\/\">http:\/\/info.yahoo.com\/privacy\/de\/yahoo\/<\/a>einzusehen.&nbsp;<\/p>\n\n\n\n<h5 class=\"wp-block-heading\">Auskunft, L\u00f6schung, Sperrung<br><\/h5>\n\n\n\n<p>&nbsp;Sie haben jederzeit das Recht auf unentgeltliche Auskunft \u00fcber Ihre gespeicherten personenbezogenen Daten, deren Herkunft und Empf\u00e4nger und den Zweck der Datenverarbeitung sowie ein Recht auf Berichtigung, Sperrung oder L\u00f6schung dieser Daten. Hierzu sowie zu weiteren Fragen zum Thema personenbezogene Daten k\u00f6nnen Sie sich jederzeit unter der im Impressum angegebenen Adresse an uns wenden.&nbsp;<\/p>\n\n\n\n<h5 class=\"wp-block-heading\">Kontaktformular<\/h5>\n\n\n\n<p>&nbsp;Wenn Sie uns per Kontaktformular Anfragen zukommen lassen, werden Ihre Angaben aus dem Anfrageformular inklusive der von Ihnen dort angegebenen Kontaktdaten zwecks Bearbeitung der Anfrage und f\u00fcr den Fall von Anschlussfragen bei uns gespeichert. Diese Daten geben wir nicht ohne Ihre Einwilligung weiter.&nbsp;<\/p>\n\n\n\n<h5 class=\"wp-block-heading\">Widerspruch Werbe-Mails<\/h5>\n\n\n\n<p>&nbsp;Der Nutzung von im Rahmen der Impressumspflicht ver\u00f6ffentlichten Kontaktdaten zur \u00dcbersendung von nicht ausdr\u00fccklich angeforderter Werbung und Informationsmaterialien wird hiermit widersprochen. Die Betreiber der Seiten behalten sich ausdr\u00fccklich rechtliche Schritte im Falle der unverlangten Zusendung von Werbeinformationen, etwa durch Spam-E-Mails, vor.<\/p>\n","protected":false},"excerpt":{"rendered":"<p>Datenschutzerkl\u00e4rung &nbsp;Die Betreiber dieser Seiten nehmen den Schutz Ihrer pers\u00f6nlichen Daten sehr ernst. Wir behandeln Ihre personenbezogenen Daten vertraulich und entsprechend der gesetzlichen Datenschutzvorschriften sowie dieser Datenschutzerkl\u00e4rung.Die Nutzung unserer Webseite &hellip;<\/p>\n","protected":false},"author":1,"featured_media":0,"parent":0,"menu_order":0,"comment_status":"closed","ping_status":"closed","template":"","meta":{"footnotes":""},"class_list":["post-532","page","type-page","status-publish","hentry"],"yoast_head":"<!-- This site is optimized with the Yoast SEO plugin v27.4 - https:\/\/yoast.com\/product\/yoast-seo-wordpress\/ -->\n<title>Datenschutzerkl\u00e4rung - Blumenhof Wilkens<\/title>\n<meta name=\"robots\" content=\"index, follow, max-snippet:-1, max-image-preview:large, max-video-preview:-1\" \/>\n<link rel=\"canonical\" href=\"https:\/\/blumenhof-wilkens.de\/?page_id=532\" \/>\n<meta property=\"og:locale\" content=\"de_DE\" \/>\n<meta property=\"og:type\" content=\"article\" \/>\n<meta property=\"og:title\" content=\"Datenschutzerkl\u00e4rung - Blumenhof Wilkens\" \/>\n<meta property=\"og:description\" content=\"Datenschutzerkl\u00e4rung &nbsp;Die Betreiber dieser Seiten nehmen den Schutz Ihrer pers\u00f6nlichen Daten sehr ernst. Wir behandeln Ihre personenbezogenen Daten vertraulich und entsprechend der gesetzlichen Datenschutzvorschriften sowie dieser Datenschutzerkl\u00e4rung.Die Nutzung unserer Webseite &hellip;\" \/>\n<meta property=\"og:url\" content=\"https:\/\/blumenhof-wilkens.de\/?page_id=532\" \/>\n<meta property=\"og:site_name\" content=\"Blumenhof Wilkens\" \/>\n<meta property=\"article:modified_time\" content=\"2022-06-17T18:36:52+00:00\" \/>\n<meta name=\"twitter:card\" content=\"summary_large_image\" \/>\n<script type=\"application\/ld+json\" class=\"yoast-schema-graph\">{\"@context\":\"https:\\\/\\\/schema.org\",\"@graph\":[{\"@type\":\"WebPage\",\"@id\":\"https:\\\/\\\/blumenhof-wilkens.de\\\/?page_id=532\",\"url\":\"https:\\\/\\\/blumenhof-wilkens.de\\\/?page_id=532\",\"name\":\"Datenschutzerkl\u00e4rung - Blumenhof Wilkens\",\"isPartOf\":{\"@id\":\"https:\\\/\\\/blumenhof-wilkens.de\\\/#website\"},\"datePublished\":\"2022-06-17T18:36:24+00:00\",\"dateModified\":\"2022-06-17T18:36:52+00:00\",\"breadcrumb\":{\"@id\":\"https:\\\/\\\/blumenhof-wilkens.de\\\/?page_id=532#breadcrumb\"},\"inLanguage\":\"de\",\"potentialAction\":[{\"@type\":\"ReadAction\",\"target\":[\"https:\\\/\\\/blumenhof-wilkens.de\\\/?page_id=532\"]}]},{\"@type\":\"BreadcrumbList\",\"@id\":\"https:\\\/\\\/blumenhof-wilkens.de\\\/?page_id=532#breadcrumb\",\"itemListElement\":[{\"@type\":\"ListItem\",\"position\":1,\"name\":\"Startseite\",\"item\":\"https:\\\/\\\/blumenhof-wilkens.de\\\/\"},{\"@type\":\"ListItem\",\"position\":2,\"name\":\"Datenschutzerkl\u00e4rung\"}]},{\"@type\":\"WebSite\",\"@id\":\"https:\\\/\\\/blumenhof-wilkens.de\\\/#website\",\"url\":\"https:\\\/\\\/blumenhof-wilkens.de\\\/\",\"name\":\"Blumenhof Wilkens\",\"description\":\"Schnittblumen, Pflanzen f\u00fcr Haus und Garten aus Goldenstedt\",\"publisher\":{\"@id\":\"https:\\\/\\\/blumenhof-wilkens.de\\\/#organization\"},\"potentialAction\":[{\"@type\":\"SearchAction\",\"target\":{\"@type\":\"EntryPoint\",\"urlTemplate\":\"https:\\\/\\\/blumenhof-wilkens.de\\\/?s={search_term_string}\"},\"query-input\":{\"@type\":\"PropertyValueSpecification\",\"valueRequired\":true,\"valueName\":\"search_term_string\"}}],\"inLanguage\":\"de\"},{\"@type\":\"Organization\",\"@id\":\"https:\\\/\\\/blumenhof-wilkens.de\\\/#organization\",\"name\":\"Blumenhof Wilkens\",\"url\":\"https:\\\/\\\/blumenhof-wilkens.de\\\/\",\"logo\":{\"@type\":\"ImageObject\",\"inLanguage\":\"de\",\"@id\":\"https:\\\/\\\/blumenhof-wilkens.de\\\/#\\\/schema\\\/logo\\\/image\\\/\",\"url\":\"https:\\\/\\\/blumenhof-wilkens.de\\\/wp-content\\\/uploads\\\/2020\\\/03\\\/Logo2.png\",\"contentUrl\":\"https:\\\/\\\/blumenhof-wilkens.de\\\/wp-content\\\/uploads\\\/2020\\\/03\\\/Logo2.png\",\"width\":443,\"height\":231,\"caption\":\"Blumenhof Wilkens\"},\"image\":{\"@id\":\"https:\\\/\\\/blumenhof-wilkens.de\\\/#\\\/schema\\\/logo\\\/image\\\/\"}}]}<\/script>\n<!-- \/ Yoast SEO plugin. -->","yoast_head_json":{"title":"Datenschutzerkl\u00e4rung - Blumenhof Wilkens","robots":{"index":"index","follow":"follow","max-snippet":"max-snippet:-1","max-image-preview":"max-image-preview:large","max-video-preview":"max-video-preview:-1"},"canonical":"https:\/\/blumenhof-wilkens.de\/?page_id=532","og_locale":"de_DE","og_type":"article","og_title":"Datenschutzerkl\u00e4rung - Blumenhof Wilkens","og_description":"Datenschutzerkl\u00e4rung &nbsp;Die Betreiber dieser Seiten nehmen den Schutz Ihrer pers\u00f6nlichen Daten sehr ernst. Wir behandeln Ihre personenbezogenen Daten vertraulich und entsprechend der gesetzlichen Datenschutzvorschriften sowie dieser Datenschutzerkl\u00e4rung.Die Nutzung unserer Webseite &hellip;","og_url":"https:\/\/blumenhof-wilkens.de\/?page_id=532","og_site_name":"Blumenhof Wilkens","article_modified_time":"2022-06-17T18:36:52+00:00","twitter_card":"summary_large_image","schema":{"@context":"https:\/\/schema.org","@graph":[{"@type":"WebPage","@id":"https:\/\/blumenhof-wilkens.de\/?page_id=532","url":"https:\/\/blumenhof-wilkens.de\/?page_id=532","name":"Datenschutzerkl\u00e4rung - Blumenhof Wilkens","isPartOf":{"@id":"https:\/\/blumenhof-wilkens.de\/#website"},"datePublished":"2022-06-17T18:36:24+00:00","dateModified":"2022-06-17T18:36:52+00:00","breadcrumb":{"@id":"https:\/\/blumenhof-wilkens.de\/?page_id=532#breadcrumb"},"inLanguage":"de","potentialAction":[{"@type":"ReadAction","target":["https:\/\/blumenhof-wilkens.de\/?page_id=532"]}]},{"@type":"BreadcrumbList","@id":"https:\/\/blumenhof-wilkens.de\/?page_id=532#breadcrumb","itemListElement":[{"@type":"ListItem","position":1,"name":"Startseite","item":"https:\/\/blumenhof-wilkens.de\/"},{"@type":"ListItem","position":2,"name":"Datenschutzerkl\u00e4rung"}]},{"@type":"WebSite","@id":"https:\/\/blumenhof-wilkens.de\/#website","url":"https:\/\/blumenhof-wilkens.de\/","name":"Blumenhof Wilkens","description":"Schnittblumen, Pflanzen f\u00fcr Haus und Garten aus Goldenstedt","publisher":{"@id":"https:\/\/blumenhof-wilkens.de\/#organization"},"potentialAction":[{"@type":"SearchAction","target":{"@type":"EntryPoint","urlTemplate":"https:\/\/blumenhof-wilkens.de\/?s={search_term_string}"},"query-input":{"@type":"PropertyValueSpecification","valueRequired":true,"valueName":"search_term_string"}}],"inLanguage":"de"},{"@type":"Organization","@id":"https:\/\/blumenhof-wilkens.de\/#organization","name":"Blumenhof Wilkens","url":"https:\/\/blumenhof-wilkens.de\/","logo":{"@type":"ImageObject","inLanguage":"de","@id":"https:\/\/blumenhof-wilkens.de\/#\/schema\/logo\/image\/","url":"https:\/\/blumenhof-wilkens.de\/wp-content\/uploads\/2020\/03\/Logo2.png","contentUrl":"https:\/\/blumenhof-wilkens.de\/wp-content\/uploads\/2020\/03\/Logo2.png","width":443,"height":231,"caption":"Blumenhof Wilkens"},"image":{"@id":"https:\/\/blumenhof-wilkens.de\/#\/schema\/logo\/image\/"}}]}},"_links":{"self":[{"href":"https:\/\/blumenhof-wilkens.de\/index.php?rest_route=\/wp\/v2\/pages\/532","targetHints":{"allow":["GET"]}}],"collection":[{"href":"https:\/\/blumenhof-wilkens.de\/index.php?rest_route=\/wp\/v2\/pages"}],"about":[{"href":"https:\/\/blumenhof-wilkens.de\/index.php?rest_route=\/wp\/v2\/types\/page"}],"author":[{"embeddable":true,"href":"https:\/\/blumenhof-wilkens.de\/index.php?rest_route=\/wp\/v2\/users\/1"}],"replies":[{"embeddable":true,"href":"https:\/\/blumenhof-wilkens.de\/index.php?rest_route=%2Fwp%2Fv2%2Fcomments&post=532"}],"version-history":[{"count":3,"href":"https:\/\/blumenhof-wilkens.de\/index.php?rest_route=\/wp\/v2\/pages\/532\/revisions"}],"predecessor-version":[{"id":537,"href":"https:\/\/blumenhof-wilkens.de\/index.php?rest_route=\/wp\/v2\/pages\/532\/revisions\/537"}],"wp:attachment":[{"href":"https:\/\/blumenhof-wilkens.de\/index.php?rest_route=%2Fwp%2Fv2%2Fmedia&parent=532"}],"curies":[{"name":"wp","href":"https:\/\/api.w.org\/{rel}","templated":true}]}}